s = -0*s + 12, 2*b + 5*s - 223 = 0. Suppose 5*x = -v + 177, v + 43 = 4*x - b. Calculate the remainder when 103 is divided by x.
31
Let b = -350 + 320. Let a = 95 + b. Suppose u = 4*u - 66. What is the remainder when a is divided by u?
21
Suppose 0 = -13*m + 11*m + 4*w + 296, -w = -m + 145. What is the remainder when 870 is divided by m?
18
Let g be 7/(693/15268) + 2/(-9). What is the remainder when (-368)/(-161)*g/4 is divided by 30?
28
Suppose 0 = -5*v + 5 - 50. Let w = -710 - -722. Let u = w - v. What is the remainder when 41 is divided by u?
20
Let d(q) = -3*q - 35. Let h(j) = -j**3 - 4*j**2 + 10*j + 17. Suppose -3 = -2*m - 11. Let r be h(m). What is the remainder when d(r) is divided by 9?
7
Let f be (-6)/5*75/(-10). Let z(h) = 13*h - 10. Calculate the remainder when z(f) is divided by (66/10)/((-1956)/(-6520)).
19
Suppose 4*z + 4*q = 384, -10*z + q + 204 = -8*z. Suppose -c + 65 = 11. Calculate the remainder when z is divided by c.
46
Suppose -282*f + 88864 + 149252 = -153018. Calculate the remainder when f is divided by 196.
15
Let w = 5798 - 4685. Calculate the remainder when w is divided by 548.
17
Suppose 0 = h + 2*j + 283, 0 = 12*h - 11*h + j + 279. Let z = 585 + h. What is the remainder when z is divided by 52?
50
Suppose 4 = -249*w + 251*w. Suppose 62 = w*y - 0*m + 4*m, 0 = 5*y + 3*m - 162. Calculate the remainder when 60 is divided by y.
27
Let q(w) = -16*w - 10*w + 82*w**2 + 32*w - 14*w + 6. Calculate the remainder when q(1) is divided by 6.
2
Let x = 5096 - 4853. What is the remainder when 249 is divided by x?
6
What is the remainder when (-5)/(20/(-2132)) - (-81 + 74) is divided by 181?
178
Suppose -3*y = -5*a + 2*y + 3035, 4*y - 2396 = -4*a. Calculate the remainder when a is divided by (-27)/216*-424 - 4/(-2).
53
Suppose 12*q - 8*q + 4*y = -1320, 5*q + 1614 = 4*y. Let v = q + 557. What is the remainder when v is divided by 47?
43
Let w = 11651 - 7772. What is the remainder when w is divided by 37?
31
Suppose -15*h + 415 = 2*u - 12*h, -4*h - 1026 = -5*u. Let o = u + -133. Calculate the remainder when o is divided by 2.
1
Suppose 33*l = 48*l - 270. Calculate the remainder when 125 is divided by l.
17
Suppose -4741 = -36*o - 1573. Let l(g) = g**2. Calculate the remainder when o is divided by l(-5).
13
Let n = -1542 + 2238. What is the remainder when 2088 is divided by n?
0
Let z be ((-3)/2 - 2)/((-2)/4). Suppose 0 = z*h + 27 + 22. Let v = h - -32. What is the remainder when 46 is divided by v?
21
Let l = -1902 + 1965. What is the remainder when 557 is divided by l?
53
Suppose 21*r - 16 = 25*r. Let j = 132 - -6. What is the remainder when j is divided by ((-15)/r)/((-30)/(-280))?
33
What is the remainder when 64188/108 + 2/(-6) is divided by 48?
18
Let t(w) = w**2 - 102*w + 1710. What is the remainder when t(19) is divided by 8?
5
Suppose 2*h - 10*h + 72 = 0. Let f be (h/2 - 1)/(30/(-120)). Calculate the remainder when 62 is divided by (-15)/(-6)*24/(-20) - f.
7
Suppose 5*k = 10*k - 5*w - 25, k + 10 = -2*w. What is the remainder when 466*(1 - (2/4 + k)) is divided by 47?
45
Let c(m) = m**3 + 7*m**2 + 7*m + 4. Let z be c(-4). Suppose 15*f = -315 - 615. Let i = z - f. Calculate the remainder when i is divided by 29.
28
Calculate the remainder when 532 is divided by ((-30)/60)/(5/(-1090)).
96
Let z = -157 + 67. Let q = 105 + z. Calculate the remainder when 10/(-45) + (-1066)/(-18) is divided by q.
14
What is the remainder when 2/((-3 - 10/(-4))*24/(-2502)) is divided by 113?
78
Let m(q) = -8*q - 1 + 13*q - 1. Suppose -z = z - 110. What is the remainder when z is divided by m(2)?
7
Let o = -248 - -486. Let i be 108/(-594) + 640/11. Suppose -o = -5*a - i. Calculate the remainder when a is divided by 14.
8
Suppose 0 = 36*q - 20407 + 5143. Let s = q + -406. What is the remainder when 174 is divided by s?
12
Suppose 43*z - 59*z + 8928 = 0. What is the remainder when z is divided by 10?
8
Let h(z) = -2*z**3 - 60*z**2 + 85*z - 257. Calculate the remainder when h(-33) is divided by 25.
22
Let b = -2991 + 4096. What is the remainder when b is divided by 37?
32
Let r(x) = 3*x**2 + 19*x + 3. Let d be r(-11). Let i = 171 - d. Calculate the remainder when 21 is divided by i.
7
Suppose -2*a + 12 = 2*a. Suppose 45 = 2*x + a*d, 2*d - 70 = -5*x + 3*d. Calculate the remainder when x is divided by (-11704)/(-1995) - (-2)/15.
3
Let y = 6754 + -6748. Calculate the remainder when 160 is divided by y.
4
Let h(y) = 9*y**2 + 38*y + 52. What is the remainder when 333 is divided by h(-5)?
72
Let v(l) = 7*l - 9*l + 3 + 5 - 3 - 2*l**2. Let w be v(2). Let s = 60 - w. Calculate the remainder when s is divided by 10.
7
Suppose -54*w + 6827 = -841. Calculate the remainder when w is divided by 41.
19
Let i be 0 - 0 - 1 - 109. Let y be 5 - 27/(-3) - 7. What is the remainder when (y/2)/((-11)/i) is divided by 15?
5
Suppose -72 = -o - 2*l + 7, 4*o + 4*l - 312 = 0. What is the remainder when o is divided by 72?
5
Let j(c) = 4*c + 48. Let g be j(-16). Calculate the remainder when (-2)/2 - (g - 4) is divided by 2 - -5 - (-1 + 0).
3
What is the remainder when 448 is divided by (-4784)/(-117) + (-2)/(-18)?
38
Suppose -10308 = -8*c - 4747 + 7095. What is the remainder when c is divided by 43?
34
Let r = 32300 - 32278. Calculate the remainder when 5454 is divided by r.
20
Let c(q) = 2*q**3 + 170*q**2 + 330*q - 95. Calculate the remainder when 1727 is divided by c(-83).
23
Let z = -2489 - -2611. Calculate the remainder when z is divided by 18.
14
Let p(o) = 7*o**2 - 2*o - 1. Let y(u) = -3173*u + 44936. What is the remainder when y(14) is divided by p(4)?
102
Let t(i) = -i - 17. Let q be t(-23). Calculate the remainder when 49 is divided by q/(-14) + (1 - 342/(-14)).
24
Let p(n) = 2*n**3 + 4*n**2 - 5*n + 3. Let q(r) = 2*r**2 + 11*r - 4. Let x be q(-6). What is the remainder when 73 is divided by p(x)?
23
Suppose 5*i + 0*i + c + 32 = 0, -5*i + 5*c = 50. Calculate the remainder when (-7)/(i/(-12))*40/(-15) is divided by (-2)/(-7) + 61/7.
5
Let z(w) be the second derivative of -10*w**3/3 + 55*w**2/2 - 224*w. Calculate the remainder when z(-3) is divided by 35.
10
Let y = -5337 - -5623. Calculate the remainder when y is divided by 76.
58
Let r = 114 + -112. Suppose -r*m = 30*m - 256. Let c = 2 + 5. Calculate the remainder when m is divided by c.
1
Let l(z) = z**2 - 6*z - 574. What is the remainder when 509 is divided by l(36)?
3
Let r = -320 + 449. Let z be -1*(-13)/(52/(-24)). Let c = z - -32. What is the remainder when r is divided by c?
25
Suppose 0*q - 520 = -5*q. Let c = q - -665. What is the remainder when c is divided by 55?
54
Let d = -79 - -115. Suppose -2*c - c = -d. Suppose -28 = 8*f - c*f. Calculate the remainder when 20 is divided by f.
6
Let z be 21/((-1365)/(-26)) - (-174)/(-10). Let n(f) = 13*f - 3. Calculate the remainder when n(3) is divided by 22 + (z/5 - (-20)/50).
17
Suppose -46*l - 16*l + 4205 = -1065. Let i be 3/9 - (-197)/3. Suppose n + i = 4*n. What is the remainder when l is divided by n?
19
Let d(b) = -85 + 21 + 37*b + 3*b - 8*b. What is the remainder when d(5) is divided by 21?
12
Let y be 1 + 18/(-15) - (-136)/5. Suppose g + y = 2*g. Suppose 0 = 8*a + 12*a - 2080. Calculate the remainder when a is divided by g.
23
Let h = 11661 + -10075. Calculate the remainder when h is divided by 53.
49
Suppose -3*q - 11 + 26 = 0. Suppose -q*v = -4*z + 28, -2*z - 11 - 5 = 5*v. What is the remainder when (v - -2)*(-390)/4 is divided by 49?
48
Let t = -66 - -27. Let o = t + 56. Let s = -688 - -698. What is the remainder when o is divided by s?
7
Let y(t) = -49*t + 18. Let o(m) = -51*m + 19. Let j(b) = 6*o(b) - 7*y(b). Let i(d) = -d - 2. Let n be i(-5). What is the remainder when j(n) is divided by 25?
24
Let c = 47165 - 47083. Calculate the remainder when c is divided by 21 + (1 - (2 + -1)).
19
Let w = 0 - -5. Let u(h) = h**2 - 34*h - 991. What is the remainder when u(-20) is divided by w?
4
Let k(g) = 7*g**3 - 6*g**2 - 3*g + 4. Let v be k(3). Suppose t - v = -71. Calculate the remainder when t is divided by 10.
9
Let s(w) = -w + 8. Let l be s(8). Suppose l = c + 2*c - 579. Let d(f) = -f**3 - 51*f**2 - 439*f + 79. What is the remainder when c is divided by d(-40)?
37
Suppose 4*j + j = 20*j. Calculate the remainder when 179 is divided by (-74 + j)/(2 - (2 + 2)).
31
Su